n 273 is divided by u(-7)?
33
Suppose -20*s = 5*s - 3575. Suppose 0 = -4*w + 2*k + 16, -5*w + 6*k - 4*k + 21 = 0. What is the remainder when s is divided by w?
3
Let w be 3 - 1/(18/12 + -2). Suppose 6*s - 5*s + 319 = w*k, -2*k + 132 = 4*s. What is the remainder when k is divided by 22?
20
Let h = 3 + 1. Let n = -1584 - -1584. Suppose -h*c + n = -12. What is the remainder when c is divided by 1?
0
Suppose 0 = 4*o - 24, 4*o = 12*q - 18*q + 8766. Calculate the remainder when q is divided by 81.
80
Suppose 6*s - s = 3*r - 29, r - s = 9. Suppose 0 = -6*a - 12 - 12. Calculate the remainder when 4/a*(1 + -38) is divided by r.
5
Suppose 4*w - 2*r = 612, 136*r + 156 = w + 137*r. Let s(t) = 7*t**2 + t + 1. What is the remainder when w is divided by s(2)?
30
Suppose 3*d - 449 = -5*k + 203, -5*d = 5. What is the remainder when 559 is divided by k?
35
Let r be -8 + 11/((-110)/(-10980)). Let a = r - 1065. Let d = 581 + -359. Calculate the remainder when d is divided by a.
22
Suppose -3*l - 36 - 15 = 0. Let d = l - -47. Suppose 0 = -6*p - d + 84. Calculate the remainder when 22 is divided by p.
4
Let r = -2 + 16. Let g(j) = j**3 + 39*j**2 - 263*j - 20. What is the remainder when (-27)/2*r/(-3) is divided by g(6)?
19
Suppose -576 = -136*b + 9624. Calculate the remainder when b is divided by 57.
18
Let p(j) = -289*j - 286. Let b(i) = 2*i**2 + 6*i - 1. What is the remainder when b(-5) is divided by p(-1)?
1
Let g = -42 + 52. Let j be 618/g + (-72)/90. Suppose j = 4*w - 291. Calculate the remainder when w is divided by 13.
10
Calculate the remainder when 1147 is divided by 1/(21/1161) - 3 - (-10)/(-35).
3
Suppose 299 - 1049 = -53*s + 1158. Calculate the remainder when 368 is divided by s.
8
Let l(c) = 77*c - 1. Let p be l(1). Suppose -2*h = q - p, -3*q = -5*h + 4 - 210. What is the remainder when q is divided by 29?
14
Suppose 50 = 2*g + 4*m, -5*g = -0*g + 3*m - 160. Let p(o) = 64*o + 55. Let f be p(20). Suppose f + 1623 = 17*x. What is the remainder when x is divided by g?
34
Suppose -184 = -4*v + 4*n, -28*n + 26*n - 141 = -3*v. Calculate the remainder when 295 is divided by v.
1
Suppose 2086 = 4*p - 3*m, p - m - 287 - 236 = 0. Calculate the remainder when p is divided by 249.
19
Let w(p) = -145*p**3 + 12*p**2 - 3*p - 9. Calculate the remainder when w(-3) is divided by 5.
3
Suppose 11*f - 6*f = -18*r + 4495, -5*r = f - 1249. What is the remainder when r is divided by 23?
20
What is the remainder when (-1)/4 + 64614/24 is divided by 159?
148
Let x = 196 - 191. Suppose x*g - 437 = -152. Let u(l) = 3*l**2 + 5*l + 3. Calculate the remainder when g is divided by u(-3).
12
Suppose -54*c - 192 = -4*i - 50*c, -2*i = 4*c - 108. Let s(y) = y**3 + y**2 - 1. Calculate the remainder when s(5) is divided by i.
49
Let i = -12669 + 13081. What is the remainder when i is divided by 142?
128
Let z = -187 + 187. Suppose -4*u + z*u = 2*a - 12, 6 = -3*a. Suppose -17 - 79 = -4*n. What is the remainder when n is divided by u?
0
Let j be -3 + (0 - (16 + -3)). Let v = 74 - j. Let m(a) = a**3 - a**2 + 2*a + 31. What is the remainder when v is divided by m(0)?
28
Let a(s) = -2*s**2 - 40*s + 122. Calculate the remainder when 247 is divided by a(-21).
7
Let s be (0 - (-3)/12)*8384/16. Suppose -4*u = -16, 0*z = 3*z - 4*u - s. Calculate the remainder when z is divided by 18.
13
Let t(o) = -o**3 - 16*o**2 - o - 11. Let b be t(-16). Suppose b*m - 637 - 483 = 0. What is the remainder when m is divided by 45?
44
Let n be 3342/8 - (-31)/124. Let b = -351 + n. Calculate the remainder when b is divided by 49.
18
Suppose -3*k + 118 = -5*p - 190, k + 3*p - 112 = 0. Calculate the remainder when 362 is divided by k.
44
Let b = -53 - -53. Suppose 20*h - 17*h - 24 = b. Calculate the remainder when 15 is divided by h.
7
Let i(k) = -k**2 + 21*k + 23. Let m be i(22). Suppose -2*b = m - 17. Calculate the remainder when 36 is divided by b.
4
Let n = 3240 - 3061. What is the remainder when n is divided by 15?
14
Suppose -4*l = 9*n - 4*n - 25, 0 = 2*l - 2*n - 26. What is the remainder when 3696 is divided by l?
6
Let c(p) = 11*p**3 + 13*p**2 - 22*p. Calculate the remainder when c(2) is divided by 36.
24
Let u be 6*(3/1 - -11). Calculate the remainder when (u/(-16))/(2/(-16)) is divided by 22.
20
Let m = -9035 + 9362. What is the remainder when m is divided by 36?
3
Suppose -4*w = -16, k + 9*w - 6*w = 370. Suppose 5*c = -5*h + 495, -68 = 3*c - 4*h - k. Calculate the remainder when c is divided by 13.
7
Let g = -189940 + 190052. What is the remainder when (-1)/2 + (-870)/(-4) is divided by g?
105
Calculate the remainder when (-170800)/600*(1 + 5/(-2)) is divided by 191.
45
Suppose -3*c - d + 572 = 0, -948 = -5*c + 33*d - 36*d. Let x = c - 179. Calculate the remainder when 32 is divided by x.
6
Let l be (110 + -3 - -1)*24/9. Let v = -114 + l. Calculate the remainder when v is divided by 45.
39
Suppose 14*d - 10 = 12*d - 2*z, -d = -3*z - 21. Calculate the remainder when 3536 is divided by d.
8
Let a = 9328 - 9140. Suppose 0 = 2*k - 72 - 56. What is the remainder when a is divided by k?
60
Suppose 6*f + 24 = 7*f - 2*v, -v = -5*f + 129. Suppose j - 4 = 83. What is the remainder when j is divided by ((-33)/2)/((-39)/f)?
10
Let n be (-9)/(-21) - 10302/(-21). Suppose u = -q + 178, 4*q - 2*u - 245 - n = 0. What is the remainder when q is divided by 37?
34
Let k(z) = 10*z - 26. Let q be k(-2). Let u = 57 + q. Calculate the remainder when 51 is divided by u.
7
Let t(k) = -k**3 + 16*k**2 + 7*k + 282. Calculate the remainder when 5823 is divided by t(17).
111
Let y(v) = -v**3 - 5*v**2 - 7*v + 2. Suppose -12*c + 1279 = -5. What is the remainder when c is divided by y(-3)?
2
Let b = -185 + 204. Suppose 0 = -13*h + b*h - 246. Calculate the remainder when h is divided by 21.
20
Suppose -2*k + k = 3. Let s = k + 7. Let f = 11252 - 11226. Calculate the remainder when f is divided by s.
2
Let z(w) = -2*w + 3*w + 76*w**2 - 9 - 8 - 75*w**2. Let j be z(4). Suppose -k + 9 = -2*c, 0*k - 4*c - 21 = -j*k. What is the remainder when 6 is divided by k?
0
Suppose 0 = -303*z + 30903 + 11820. Calculate the remainder when z is divided by 36.
33
Let k(o) = 7*o**2 - 18*o - 28. Let h(u) = -5*u**2 + 17*u + 29. Let l(x) = 4*h(x) + 3*k(x). What is the remainder when l(-14) is divided by 9?
5
Suppose -14*p + 19*p = -5*m + 610, -3*p - 146 = -m. Calculate the remainder when 137 is divided by m.
9
Let g(d) = -3*d + 32. Suppose -f + 6*s = 5*s - 15, -3*f + 4*s + 50 = 0. Let x be g(f). What is the remainder when 29 is divided by (21/(-42))/(x/(-12))?
2
Suppose -3*t + 5*o - 8 = -56, 5*t - 5*o = 70. Let c be 20034/(-154) + (-1)/(-11). Let r = c + 162. Calculate the remainder when r is divided by t.
10
Let a(f) = -f**3 + 16*f**2 + 18*f - 5. Let z be a(17). Let r(u) = z*u - u**3 - 2 - 2*u**2 - 4*u - 6*u**2. What is the remainder when 45 is divided by r(-9)?
3
Let c = -7403 - -7654. Calculate the remainder when 1245 is divided by c.
241
What is the remainder when 645 is divided by ((-1)/2)/(-4*(-9)/(-1512))?
15
Let g(v) be the third derivative of -7/60*v**5 + 0 - 1/3*v**3 + 3/8*v**4 + v**2 + 1/120*v**6 + 0*v. What is the remainder when g(6) is divided by 5?
1
Suppose -3*t + 35 = -19. Let x be 3 + (0 + 2 - -1). Suppose -x*l + t = -66. Calculate the remainder when l is divided by 6.
2
Let w(q) = 2*q**2 + 45*q - 833. What is the remainder when w(17) is divided by 22?
4
Suppose v + 4*s - 1115 = -0*s, -3277 = -3*v + 5*s. Let u(g) = -5*g**3 + 5*g**2 + 7*g - 2. What is the remainder when v is divided by u(-2)?
43
Calculate the remainder when 3069 is divided by ((-3)/24)/((-6)/1776).
35
Suppose 22*t = 51 + 37. Suppose -16*b = -44 - t. What is the remainder when 8 is divided by b?
2
Let l(w) = -w**3 - 18*w**2 + 21*w + 41. Let i(x) = -2*x**2 + 2*x + 5. Let d be i(-3). Calculate the remainder when 11 is divided by l(d).
2
Suppose -5*o = 9 - 19. Suppose -5*n - o*r = -153, -2 - 6 = -2*r. What is the remainder when n is divided by 8?
5
Let h(y) = -y**3 - 5*y**2 + 21*y + 210. What is the remainder when h(-8) is divided by 48?
42
Let y = -418 + 429. Suppose -4*i + 2 + 2 = 0, -2*i = -2*g + 282. What is the remainder when g is divided by y?
10
Suppose 84 = -2*q + 5*r + 312, -2*r + 4 = 0. Suppose -121 - q = -8*m. What is the remainder when 209 is divided by m?
29
Let o(p) = -